is 52 + -47 - (7 + (0 - -1))?
-3
7 - (12 + (-3 - 3))
1
1 + 1 + 3 - 1
4
What is the value of -8 + (-3 - (-1 + -7))?
-3
Evaluate 2 - 0 - (9 + -8 + 1).
0
4 + -4 + -1 + -3
-4
Calculate -3 - 0 - (3 + -6).
0
Calculate (-2 - -4) + -1 + (-4 - 2).
-5
Evaluate -4 - (-1 - -1) - -9.
5
(-2 - -2) + (3 - 5) + 1
-1
Evaluate 0 + 3 + (1 - (-3 + 3)).
4
-3 - (6 - (5 + 3))
-1
Calculate 28 - 21 - (7 - 3).
3
Calculate 58 - 64 - (-2 - (-2 - -5)).
-1
Calculate -3 - (5 + (-1 - 7) - 3).
3
What is (-1 - -2) + -1 + (-13 - -12)?
-1
Calculate 6 + -7 + (-4 - -6).
1
Calculate 1 + -12 + (51 - 26) + -20.
-6
-2 + 5 - (7 + -7)
3
Calculate 2 + 4 + -7 + 2.
1
What is -7 - -1 - (4 - 5)?
-5
Evaluate -4 + (7 + 1 - (7 + -1)).
-2
What is the value of -17 - -16 - (1 - 4)?
2
Evaluate (6 - 1) + -3 + 6 + -6.
2
Calculate 7 - (3 + 0) - 2.
2
What is (-6 - -7) + 3 + -5?
-1
What is (-9 - -10) + 2 + 1?
4
What is the value of (6 - 9 - -13) + -5?
5
6 - (-5 - (-5 + -4)) - 2
0
Calculate -2 + -2 + -3 + 10.
3
What is the value of 1 + (6 - -2) + -12 + 1?
-2
Evaluate -4 + (-2 - -4 - 0).
-2
Evaluate 0 + (-2 - -1) + 0 + 1.
0
What is -1 + 0 + -12 - -22?
9
2 + -2 - -2 - 1 - -2
3
Calculate (17 - 12) + (-2 - (-3 - -2)).
4
Calculate 2 - (4 - 0 - (18 + -17)).
-1
Evaluate -7 + (2 - 0 - 3 - -3).
-5
Calculate (13 - 6) + (-4 - 2).
1
What is the value of 4 + -2 + -2 - -5?
5
11 + (0 - 9 - (-8 - -2))
8
Evaluate (-9 - (2 + -9)) + 0.
-2
(4 - 3 - 8) + (-2 - -6)
-3
3 + 3 - 2 - (5 - 5)
4
What is the value of (3 - 1) + 13 + -13 + -3?
-1
What is the value of -2 + -12 + (4 - 1) + 3?
-8
Evaluate (2 + -4 - (-1 - 0)) + -4.
-5
-2 - (0 + 2 + 0)
-4
What is -4 + 10 + -5 + -3?
-2
What is 11 + -1 + (-2 - -3) + -4?
7
-3 + (-1 + 3 - -4)
3
What is (10 - (4 - 3)) + -5?
4
(-3 - (1 - 3)) + -1
-2
-5 + 0 + 6 - 4
-3
Evaluate 0 + -1 + (-5 - -5) - 2.
-3
Evaluate -7 - (9 + -16) - 7.
-7
0 + 2 + -10 + 8 + -3
-3
Evaluate (6 - (13 - 1)) + (14 - 8).
0
Calculate (7 - 2) + 8 + -13.
0
What is the value of -2 + -4 + 1 + 5?
0
Calculate -1 - (8 - (9 - 1)).
-1
What is the value of -10 + (1 - (5 - (9 + -3)))?
-8
Calculate 3 - (7 + -6 + (3 - 1)).
0
What is the value of 8 + (0 - 4 - 1 - -1)?
4
Calculate 5 + -1 + (10 - 14) - -4.
4
Evaluate 3 + (-3 - -1) + (4 - 3).
2
What is -2 + -3 - -7 - (0 + 0)?
2
What is -6 - 3 - (1 - 5)?
-5
-10 - (9 + -12 + -3)
-4
(3 - 1) + (-6 - -4)
0
What is the value of -9 + (11 - 5) - -3?
0
What is -16 - (8 - 15) - -6?
-3
Calculate (2 - 0 - 4) + 3 - 2.
-1
What is (4 - (-5 + 7)) + -1?
1
-2 + 4 - (0 - 1)
3
(16 - 18) + 1 + 4 + 2
5
-6 + (2 - (-8 - -7))
-3
Calculate 5 + (4 + -3 - 5).
1
What is the value of 0 + -6 + -2 - (-45 + 39)?
-2
Calculate 0 + 3 + -5 + -2.
-4
What is 5 + -15 + (-2 - -7)?
-5
What is the value of -2 - ((0 - 1) + 0) - -3?
2
Evaluate 0 + -2 - (1 + -4 + 0).
1
What is the value of (0 - -5) + (9 - (11 - 6))?
9
What is (13 - (-7 + 7 - -6)) + -1?
6
Calculate -4 - (-6 - (1 + 2)).
5
Evaluate 2 - (1 + (2 - 4)).
3
Evaluate (0 - -1 - -2) + 2.
5
-5 + 11 + -4 - -2
4
Calculate (0 - (5 + -6)) + 0 - 2.
-1
What is the value of 6 + -12 + 1 + 1 + 0?
-4
Evaluate 14 + -11 - (0 + -1 + 9).
-5
Evaluate 1 + -4 + 4 + -1 - 1.
-1
What is -2 + 12 + -10 - 4?
-4
Calculate (-3 + 1 - 2) + -3 + 7.
0
2 + (-8 - -3) + 6 + 2
5
Calculate 4 + 1 - 3 - (0 + 3).
-1
Calculate 40 - 42 - (2 + -1 + -3).
0
What is (-75 - -79) + (-4 - -1)?
1
(5 - (10 + 1)) + -6 + 19
7
Evaluate -2 - ((-1 + -1 - -2) + 3).
-5
Calculate 3 - 1 - (-4 + 1).
5
Evaluate (-13 - (-3 - 9)) + -2 + -3.
-6
What is the value of -4 + 6 + -5 - (-8 - -4)?
1
What is the value of -2 + -1 + (-53 - -63)?
7
Calculate -5 + 8 + (0 - -2) + -1.
4
Calculate -1 + (3 - 3 - -2) + 3.
4
Evaluate -1 - (7 - 4 - 3).
-1
Calculate -6 + (-1 - 2) + 4 - -3.
-2
Evaluate -2 + 4 + (3 - 10).
-5
Evaluate -7 + -3 + 6 + 1 + 0.
-3
What is the value of -4 + 0 + 1 + 3?
0
Evaluate (-5 - -5) + 0 - (2 + 2).
-4
What is the value of (4 - 1) + 4 + -12 + 0?
-5
What is the value of -9 + 3 + 2 + -1?
-5
What is (-5 - 0) + (-2 - -5) - 3?
-5
Calculate 1 + 5 + -1 + (9 - 7).
7
What is -1 + 0 + (-4 - 0)?
-5
8 + -12 - (2 - (6 - -2))
2
-11 + (0 - -5) + 13 - 2
5
What is 5 - (2 - 4 - -4) - -2?
5
What is the value of -2 - (2 - (1 - -6))?
3
What is 17 + -19 - (4 - (0 - -3))?
-3
What is the value of (9 + -5 - -3) + -6?
1
What is the value of (-6 - -15 - 4) + -1 + -7?
-3
Evaluate (-4 - -7 - 5) + 0 + 2.
0
What is the value of (2 - -1) + -95 + 86?
-6
3 + -13 + -7 + 15
-2
What is the value of -2 + 3 - (0 + 1 + 4)?
-4
What is -11 + 14 - (8 + 0 - -2)?
-7
-2 - (-4 + 1 + 7)
-6
What is the value of (-1 - -5 - 2) + (0 - 3)?
-1
What is the value of 2 + -3 + 2 + -4 - -6?
3
What is the value of (4 - (0 + 5 - 2)) + -4?
-3
Calculate 0 + -2 - -1 - (-209 + 202).
6
Calculate 5 - (4 + 11 - 5).
-5
Calculate -6 + 6 + -2 + 6 - 4.
0
What is the value of (-11 - -2 - -5) + -2 + 2?
-4
What is the value of 2 + 5 + -1 - 2 - -5?
9
What is the value of 2 + (-2 - (-5 + 5)) - -2?
2
6 + -7 - (1 - (-2 - -4))
0
5 + -1 - (9 - (0 - 1))
-6
-1 + 7 - (-3 - -14)
-5
Evaluate -11 + -2 + 2 + 6.
-5
2 - (5 - (1 - (4 - 7)))
1
Calculate -4 + -1 + 4 + -4.
-5
Evaluate -5 + (12 + -8 - -2).
1
What is the value of 1 - (2 - 1) - (-1 + -1)?
2
Calculate -4 - (1 + (-1 - 3)).
-1
0 + (2 - 4) + 0 + 3
1
What is the value of (-4 - -2 - -4) + -3?
-1
Calculate 2 + 13 - (-11 + 21).
5
What is 3 + (5 - 3) - (-2 + 0)?
7
-4 + (3 - 1) + 4
2
What is (14 - (4 - 1)) + -12?
-1
What is the value of 0 + -3 + -1 + 4?
0
Calculate (1 - -3) + -6 - -5.
3
What is (1 - 0) + 2 + 3 - 2?
4
What is the value of 4 + (-13 - 0) - -5?
-4
Calculate 48 - 50 - (-1 - -5).
-6
Calculate (3 - 0 - (22 - 16)) + -2.
-5
Evaluate (9 - 13) + (-3 - -2) - -1.
-4
Evaluate 20 - 11 - (6 + -1).
4
-10 - -16 - (7 + -3)
2
0 + 1 - (-26 - -22)
5
Evaluate 6 + (-18 - -3) + 4.
-5
What is -2 + (0 - (-3 + -2)) + -4?
-1
Calculate 4 + (10 - 7) + 0 + -3.
4
Calculate -13 + 14 - (-2 - -5).
-2
What is 1 - 7 - (-8 + (8 - 3))?
-3
Evaluate 0 - (0 - (-8 - -1 - -5)).
-2
Calculate -6 - ((4 - -3) + -8).
-5
Evaluate -1 - (1 - 4) - -1.
3
Calculate 0 + (2 - 1) - (-46 - -43).
4
What is the value of -33 + 14 - (8 - 19)?
-8
0 + 1 + 0 + 2 + -6
-3
-1 - -6 - (-14 - (-3 + -16))
0
What is the value of -9 - (4 + -9) - 2?
-6
Evaluate -3 - (0 - 0 - (7 - 6)).
-2
What is -3 + 8 - -9 - 8?
6
Evaluate 7 + (6 - 7 - (1 - -2)).
3
What is 0 - (3 + 0 + -8 + 5)?
0
Calculate (3 + 8 + -5 - 5) + 6.
7
What is the value of 0 - (-5 - (-11 + 4))?
-2
What is 1 - (6 - (-3 - -4))?
-4
6 + -2 - 10 - -2
-4
What is (-2 - 3 - (-10 + 2)) + 3?
6
What is 8 - (3 - -13) - -6?
-2
-2 + 1 - (-3 + 2)
0
-4 - -3 - ((5 - 4) + 2)
-4
What is 10 - (12 + -9 + 6)?
1
Calculate 3 + 0 + -3 + 1 + -1.
0
What is the value of -1 + (0 - -3) - (4 + -2)?
0
What is the value of 3 - ((0 - 0) + -5 + 8)?
0
What is 1 + -3 - (0 + -2) - -4?
4
Calculate 1 - 4 - (7 - 11 - 1).
2
Calculate (-2 - -4) + (3 - 4) - 3.
-2
What is the value of (0 - -11) + (-4 - (-3 + 4))?
6
Evaluate -3 - (0 + 2 + -2 + -2).
-1
What is -1 + (-6 - (-4 - (3 + -9)))?
-9
Calculate 0 + -6 - (-2 - -1).
-5
What is -3 + 2 + (-4 - (-5 + 3))?
-3
Calculate 3 + -5 + 4 - 0.
2
Calculate -3 + (4 - 3) - -1.
-1
What is the value of -2 - (1 + (1 - 4) + 0)?
0
What is -4 - (1 - 4) - 1?
-2
What is the value of -2 + 0 + (0 + 6 - 2)?
2
Calculate -11 + 14 - (9 - -1).
-7
-2 + (-7 - (-13 - -5))
-1
What is the value of 7 - ((9 - 2) + -6)?
6
Calculate 2 + (-2 - -2) - (2 - 0).
0
What is the value of -1 - (6 + -2) - 0?
-5
Evaluate 34 + -35 + (1 - 1 - 1).
-2
1 - (1 - (-4 + 5 + -3))
-2
What is (-5 - -2 - 2) + 6?
1
Calculate (1 - -9) + (45 - 48).
7
Calculate (-7 - -6) + 4 - (11 + -1).
-7
Evaluate -1 - ((2 + -1 - -1) + -4).
1
Calculate (6 - 2) + -5 + 0.
-1
Evaluate 2 + (4 - -2 - 3).
5
Evaluate -1 - -4 - (0 - 3) - 4.
2
-5 + -1 + (32 - 29)
-3
-3 - (-9 - (-7 + 3 + -1))
1
What is -3 + (-1 + 2 - 2)?
-4
(51 + -43 - (0 - -5)) + -8
-5
4 + -8 + (17 - 14)
-1
Evaluate (-10 - -2) + (5 - 1).
-4
Calculate -4 + 2 + (-2 - -8) + -2.
2
-1 + 3 + 1 + (-5 - -2)
0
What is the value of -11 - (-10 + (8 - 5))?
-4
What is 5 - (7 - 4 - 4) - 4?
2
Evaluate -6 + (-8 - 3) + 10.
-7
Calculate 0 + -2 + 1 - (-2 - -2).
-1
What is -10 + (4 - (-2 - -2)) + 2?
-4
Calculate 7 - ((-18 - -12) + 6 + 1).
6
What is -6 + (-4 + 6 - -4)?
0
What is the value of (27 - 24) + -4 + -1 + 2?
0
What is the value of 3 + (3 - 2 - 6) + 1?
-1
What is the value of -5 + -1 + -15 + 28 